-96 = -2*v + 2*m, -m + 3403 = 4*v + 3216. What is the remainder when 99 is divided by v?
5
Suppose -5*d = -m + 3, -d + 6*d = -2*m - 39. Let x(o) = -25*o + 214. Calculate the remainder when x(8) is divided by m/(-15) - (-104)/20.
2
Let r be (-33)/(-99) + (26/3 - -1). Calculate the remainder when 269 is divided by 538/r - (2 - 9)/35.
53
Let g(a) = -2*a. Let y(n) = -n**2 - 21*n - 20. Let d be y(-16). Suppose 0*b = 3*b + j - d, -j = -5*b + 100. Calculate the remainder when b is divided by g(-6).
8
Let y be 1*-3 - (-23)/(230/(-6400)). Let u = y + 914. Calculate the remainder when u is divided by 34.
33
Suppose 5*m - 4*o - 117 = 0, m + 8*o - 4*o = 33. What is the remainder when 101 is divided by (180/m - 6)/((-4)/(-50))?
11
Let l(m) = -3845*m - 65280. Let t(x) = 31*x**3 + x**2 - 2*x + 3. What is the remainder when t(2) is divided by l(-17)?
81
Let t = 43 - -45. Let d = -700 + 702. Calculate the remainder when t is divided by (1/2)/(d/92).
19
Let y(m) = -4*m + 1. Let n be y(-1). Let t(q) = 2*q**2 - 6*q - 2. What is the remainder when (2 + -1)/((-178)/(-5518)) is divided by t(n)?
13
Let y(i) = -7 + 11 - 11 - 6 - 66*i - 1. What is the remainder when y(-1) is divided by 10?
2
Let t(u) = -u**3 - u**2 + 5*u + 3. Suppose 8*x - x = -14. Let i be t(x). What is the remainder when 35 is divided by (3/(i/(-4)))/(2/5)?
5
Let j = 45 - 29. Suppose -10*o + j = -6*o. Suppose -o*u + 60 = -4*y, -2*u + y + 0*y + 35 = 0. What is the remainder when u is divided by 7?
6
Suppose -3*u = n + 17, -569 + 598 = 3*n - u. Let y(h) = -h**2 + 0*h + 3*h - 2*h + 26. What is the remainder when y(0) is divided by n?
5
Suppose 0 = m - 68 + 17. What is the remainder when 560 is divided by m?
50
Suppose 19*b = 17*b + 116. Let n = b - 53. Suppose -5*c = 4*q - 36, 4*c - n = -2*q + 19. Calculate the remainder when 7 is divided by c.
3
Suppose 41*z - 16573 = -149*z + 40617. What is the remainder when 308 is divided by z?
7
Let t(i) = -i**2 + 1. Let q(y) = -y**2. Let f(x) = -5*q(x) + 4*t(x). Calculate the remainder when f(-5) is divided by (-16 + -9 + 20 - (-324)/63) + 165/21.
5
Suppose -454 = -5*v + 256. Suppose 0 = -13*o + 105 + v. What is the remainder when (8 + 0)*(-46)/(-4) is divided by o?
16
Let v(o) = 5*o**2 + 41*o + 101. Calculate the remainder when v(-7) is divided by 3.
2
Let g = 205 - 299. Let z = g + 98. Suppose 0*w + z = 2*w, 3*p + 3*w = 597. What is the remainder when p is divided by 25?
22
Suppose -2*s = -0*s + 288. Let b = s + 102. Let y = 51 + b. What is the remainder when 17 is divided by y?
8
What is the remainder when 352 is divided by 5 - -73 - (7 - 0)?
68
Suppose 3 = -2*r + 13. Let y(b) = -1 - 3 + 4 - b - r. What is the remainder when 8 is divided by y(-9)?
0
Let y(l) = -276*l - 1640. What is the remainder when 206 is divided by y(-6)?
14
Suppose -18*j + 10*j + 80 = 4*h, 24 = 2*j - h. Calculate the remainder when 2714 is divided by j.
8
Suppose 280 = 2*x + 4*n, 571 = 2*x + 2*x - 3*n. Suppose -30*y = -32*y + x. Calculate the remainder when y is divided by (-2)/(-8) + 47/4.
11
Suppose -32*c = -27*c - 40. Let x(m) = m**3 - 10*m**2 + 13*m + 32. Let l = -111 - -198. Calculate the remainder when l is divided by x(c).
7
Let d be (-1)/2 - 134/4. Let h = d - -59. Suppose -2*t = 2*y + 508 - 534, -2*y = -4*t + 64. Calculate the remainder when h is divided by t.
10
Let k = -423 + 474. What is the remainder when 203 + 2 - (-1 + 4) is divided by k?
49
Let l be 15/(-5)*(-407)/33. Let d = l + -24. Calculate the remainder when 75 is divided by d.
10
Let i = -65 + 116. Let k(w) = -w**2 - 10*w + 2. Let x be k(-10). What is the remainder when i is divided by (-56)/((3 - x) + -3)?
23
Let c(d) = -8*d + 1. Let j be c(3). Let i = -570 + 583. Let q = i - j. Calculate the remainder when q is divided by 19.
17
Suppose 0 = -0*k + 5*k - 520. Let o = 39954 - 39938. Calculate the remainder when k is divided by o.
8
What is the remainder when 29075/20 + 7 - (7 - 29/4) is divided by 42?
33
Let z = -78 + 150. Let x = z + -14. Let g(q) = 11*q - 2. Calculate the remainder when x is divided by g(2).
18
Let x = 11144 + -10931. Calculate the remainder when x is divided by 104.
5
Suppose -40 = -4*n - 4*n. What is the remainder when 59 is divided by (42/5)/(-1 + 7/n)?
17
Let t be ((-7)/(-2))/(3/(-54)). Let r = t + 60. What is the remainder when 31 is divided by 1/((1 + r)*4/(-104))?
5
Suppose 0 = 5*s + 6*s - 77. Let t(y) = y**2 - 46. Calculate the remainder when 19 is divided by t(s).
1
Let p = 1353 - 1179. Calculate the remainder when p is divided by 44.
42
Suppose s - 34*s + 10494 = 0. Suppose 13*q = 3*n + 18*q - s, -3*q = 0. What is the remainder when 312 is divided by n?
100
Let w be (3/(-6))/(2/(-16)). Suppose -w*r + 456 = 72. Let j = -33 - -44. What is the remainder when r is divided by j?
8
Let f(c) = c + 7. Calculate the remainder when 2 - -4*(5 + -3)*(-1)/(-2) is divided by f(-6).
0
Let y = -195 + 222. Suppose 4739 = y*o + 95. Calculate the remainder when o is divided by 16.
12
Suppose 2*x = 288 - 2. Suppose -f - 4*v - 44 = -3*f, v = -5*f + x. What is the remainder when 335 is divided by f?
27
Let l = -3514 - -4811. Calculate the remainder when l is divided by 25.
22
Let v be 72 + -76 - -1*1*16. Suppose 3*g - 3*s = 102, 0 = -3*s + v - 0. Let i = 20 + -14. What is the remainder when g is divided by i?
2
Let d = 4988 - 4974. Calculate the remainder when 1406 is divided by d.
6
Let z = -32167 - -33159. What is the remainder when z is divided by 185?
67
Let c = -19033 - -35998. Calculate the remainder when c is divided by 14.
11
Suppose -g + 6*g - 10 = 0. Suppose p = -4*k + 28, 4 = g*p + 4*k - 32. Let f(l) = -l + 29. What is the remainder when f(8) is divided by p?
5
Suppose 317 = 10*r - 1236 - 2177. Calculate the remainder when r is divided by 25.
23
Calculate the remainder when 541 is divided by (-8)/14 + 0 - (-241868)/1771.
133
Let o(a) = a**2 + 5*a + 2. Let h(i) = i**3 + 11*i**2 + 8*i + 10. Let g be h(-8). What is the remainder when (-132)/(-352) + g/16 is divided by o(-5)?
1
What is the remainder when 1130 is divided by (((-38)/4 - -3)*2*3)/(-1)?
38
Let y = 11784 + -11729. Calculate the remainder when 1159 is divided by y.
4
Suppose -4*i + 4 = z, -1 = 2*i - 3*z - 3. Let r be 2 - 5 - (-3)/i. Suppose r = -43*l + 37*l + 150. What is the remainder when l is divided by 14?
11
Let t = -221 - -244. What is the remainder when 196 is divided by t?
12
Let h(g) = -g**2 - 7*g + 51. Calculate the remainder when 6451 is divided by h(-11).
4
Suppose 21 = 3*s - 9. Suppose -5*u + 35 = -2*m, -m - 4*u = m - s. Let v(n) = n**3 + 7*n**2 + 5*n - 9. Calculate the remainder when 17 is divided by v(m).
1
Let u = 4462 - 4399. What is the remainder when u is divided by 8?
7
Suppose -69*i - 62*i + 2016 = -124*i. Calculate the remainder when 1088 is divided by i.
224
Suppose -45 = -7*z - 3. Suppose 15 = -5*q - 0*s - 3*s, q = -5*s + 19. What is the remainder when ((-16)/q)/((-3)/(-9)) is divided by z?
2
What is the remainder when (-5324)/(-10) - 261/(-435) is divided by 90?
83
Suppose 10*g + 2*g - 30589 = -9997. Calculate the remainder when g is divided by 155.
11
Let s = -76 - -75. Let r(h) = -h**2 + 4*h + 10. Let y be r(6). What is the remainder when y + (-3 - (-93 - s)) is divided by 30?
27
Suppose 0 = -5*x + g + 2076, 0 = -3*x - 5*g - 0*g + 1268. Calculate the remainder when x is divided by 35.
31
Suppose -5*q - 3*y = -6*y - 285, 0 = -3*y + 15. Calculate the remainder when 1917 is divided by q.
57
Suppose -21*u - 1955 = -44*u. Suppose t + 1 = 0, 5*f - 5*t - u = 145. Let x = -18 + 31. Calculate the remainder when f is divided by x.
6
Suppose 9149 = -41*w + 13699 + 17057. What is the remainder when w is divided by 78?
59
Let k = 209 + -202. What is the remainder when 643 is divided by (-2 - 288/28)/((-2)/k)?
41
Let l be 1*5*5*(-1308)/(-150). Suppose -3*n = -4*n - y - 49, -4*y + l = -5*n. Let s = n - -55. Calculate the remainder when 98 is divided by s.
8
Let w = 1 + 67. Suppose 0 = 9*y - 206 - 1. What is the remainder when w is divided by y?
22
Let m(n) = 2*n**3 - 47*n**2 - 70*n + 57. Calculate the remainder when 331 is divided by m(25).
149
Let d = 119 + -93. Suppose -4*w = -178 + d. What is the remainder when 185 is divided by w?
33
Suppose b - 33 + 2 = 0. Let w(x) = 73*x + 12. Let r be w(-2). Let s = 287 + r. What is the